mmon divisor of n and o.
14
Suppose -2*c + 7 = -5. Suppose 2 = -c*r + 3*r - d, -7 = 4*r - 3*d. Let m be r/2 + (-255)/(-6). What is the highest common divisor of 28 and m?
14
Suppose -2*d - 2*y - 16 = 2*y, -y - 3 = d. Suppose z = -4*u - 18, -1 = -3*z - 7. Let w be (-44)/(-8) - (-2)/u. What is the greatest common factor of d and w?
1
Let w(d) = -25*d + 1. Let m(l) = -99*l + 5. Let z(j) = 2*m(j) - 9*w(j). Let k be z(1). What is the highest common factor of k and 7?
7
Suppose -4*h - 3*m + 108 = m, 141 = 5*h - m. Let o(f) = -f + 14. Let r be o(6). Let w = r + -4. Calculate the highest common divisor of w and h.
4
Suppose -263 = -3*w + 2*a - 26, -4*a - 89 = -w. Suppose 4*x = 5*n + 28, 0*x + 28 = 4*x - 2*n. Calculate the greatest common factor of w and x.
7
Suppose 4*l - 85 = -3*p, -53 + 143 = 4*l - 2*p. What is the highest common divisor of 11 and l?
11
Suppose -y + 1 = -4. Suppose 4*s = 12, q + 4*s + 228 = y*q. Calculate the greatest common factor of 12 and q.
12
Let h(z) be the second derivative of z**5/20 + 2*z**4/3 + 5*z**3/6 + 9*z**2/2 + 7*z. Let p be h(-7). Calculate the greatest common factor of 23 and p.
23
Let h be ((-31)/(-2))/(2/(-4)). Let m = -17 - h. Calculate the greatest common factor of m and 35.
7
Suppose -32 = -w + o - 5*o, o - 65 = -5*w. Calculate the greatest common factor of w and 12.
12
Suppose 1800 = -5*j + 17*j. What is the highest common divisor of 60 and j?
30
Suppose -5*y - 199 = -q - 2*q, -5*q + y + 317 = 0. Suppose 5*u + 33 = 2*b, -3*b = -2*u - 1 - 32. Calculate the highest common divisor of q and b.
9
Let r be 0/(-1 + -3 + 2). Suppose 16 = -r*j + j. Calculate the greatest common divisor of j and 2.
2
Let g(s) = 2*s + 34. Let u be g(0). Suppose i - u = -21. Let w be 6/(-27) - (-706)/18. Calculate the greatest common divisor of w and i.
13
Suppose 12 = 3*w - 0*w. Suppose -4*r - w*b = -88, -4*b + 21 = 5. Suppose -4*l - 3*i + 32 = -7, -5*l + 49 = 4*i. Calculate the highest common divisor of l and r.
9
Let f = 48 + 59. Let b = f - 62. Let h(q) = -q**2 + 6*q. Let x be h(3). Calculate the greatest common factor of x and b.
9
Let s be 9 - (1 - (-5 - -8)). Let b(z) = -z**3 - z**2 + 3*z + 2. Let f be b(-3). What is the greatest common divisor of f and s?
11
Suppose -61 = -4*b + 83. Suppose -4*g + 0*g = 0. Let q = 4 - g. Calculate the highest common factor of q and b.
4
Suppose 2*u = 4*z + 12, -u - 4*z = u + 4. Suppose 4*m + 5*a + 27 = 0, -u*m = -3*a - 1 - 2. Let i = 5 - m. Calculate the highest common divisor of 24 and i.
8
Suppose -h + 44 = 3*u, -2*u = 3*h - 0*u - 111. Let q = 5 + -2. Suppose -3*p + 18 = -q. Calculate the greatest common factor of p and h.
7
Let y be (-42)/4*24/(-14). Let v = 13 - 4. What is the greatest common divisor of y and v?
9
Suppose -3*a + 41 = -0*z - z, 89 = -4*z - 3*a. Let s = z + 74. What is the greatest common divisor of s and 6?
6
Suppose 0 = -2*q + 3*q - 139. Suppose k - 124 = -2*n, 3*n + 3*k - 41 - q = 0. What is the highest common divisor of 8 and n?
8
Let o(g) = -2*g - 8. Suppose -4*d = -3*x - 4, -3*x - 2*d - 39 = d. Let k be o(x). What is the greatest common divisor of 64 and k?
8
Let a = 61 + 101. Calculate the highest common divisor of 18 and a.
18
Let f(j) = -j**3 + 9*j**2 - 9*j + 11. Let r be f(8). Suppose -l + y = 1, 2*l + 4*y - 31 = -3*l. What is the greatest common factor of r and l?
3
Let s(z) = -2*z**3 - 8*z - 4. Let g be s(-3). What is the highest common divisor of g and 185?
37
Suppose -39 = -2*y - g - 0*g, -3*y + 31 = -4*g. Suppose 5*w = 21 + 64. Calculate the highest common factor of w and y.
17
Suppose -2*b - 2*b = -60. What is the greatest common factor of b and 120?
15
Let x(o) = o**3 - 7*o**2 + 2*o - 8. Let s be x(7). Suppose 3*v = 4*v - 47. Suppose -145 = -4*n + v. What is the highest common factor of n and s?
6
Suppose -4*u = t + 7, 8 + 3 = 3*t - 4*u. Let i(l) = -2*l - 5. Let q be i(-6). Calculate the greatest common factor of t and q.
1
Suppose 0 = 4*s + 16, -3*s - 36 = -n + s. Let w be (-72)/n*(-30)/4. Let x = -19 - -37. What is the greatest common divisor of x and w?
9
Let h be (23 + -3)*(-2)/(-8). Suppose 0 = -3*d - 3, h*t - 27 = -2*d + 6. What is the highest common divisor of t and 1?
1
Let x(h) = -31*h - 31. Let c be x(-2). Calculate the highest common factor of c and 62.
31
Let z = 209 - 147. Let p = z - 39. Let f = -15 + p. Calculate the highest common factor of 16 and f.
8
Let u(s) = 2*s**2 - 6*s - 1. Let k be u(5). Let d = k + -7. Let r(a) = a**3 - 8*a**2 + 9*a - 2. Let p be r(7). What is the highest common divisor of p and d?
12
Suppose -2*t = -5*s + 179, s + 2*t - 32 = -1. What is the highest common divisor of s and 5?
5
Let g be ((-21)/(-14))/(1/2). Suppose g*f + 2*f + 25 = -5*k, 4*k + f + 32 = 0. Let b be ((-28)/(-3))/((-3)/k). Calculate the greatest common factor of b and 14.
14
Suppose 0 = -t - w - 3 + 2, -10 = 2*w. Calculate the greatest common divisor of 44 and t.
4
Let c = 8 - 5. What is the highest common divisor of c and 15?
3
Let d = 67 - 28. Suppose -2*y - 2*m + 14 + 40 = 0, -2 = -2*m. Calculate the greatest common factor of d and y.
13
Let p be -1*(-4)/(-10)*(-80)/4. Calculate the highest common factor of 72 and p.
8
Suppose d - 5*i = 20, 8*i - 10 = -5*d + 3*i. Suppose -2*n - 6 = -4*t + 5*t, d*n = -10. Let l = t - -3. What is the greatest common factor of l and 2?
1
Let k = 40 - -44. What is the highest common factor of 12 and k?
12
Suppose -3*m + 35 + 67 = 0. What is the greatest common factor of m and 238?
34
Suppose y - 29 = -26. Let z(i) = -i - 4. Let x be z(-5). Calculate the highest common factor of y and x.
1
Let q(u) = -u**2 - 5*u + 3. Let j be q(-5). Calculate the highest common divisor of j and 9.
3
Let r = 18 - 3. Let t(u) = 72*u**2 + 2*u + 1. Let n be t(-1). Let z = n - r. Calculate the highest common divisor of z and 8.
8
Suppose 2*q - 14 = 6. Let i be (21/(-2))/((-5)/q). What is the highest common divisor of 21 and i?
21
Let t be (-3 - 3)/((-2)/20). Calculate the highest common divisor of 15 and t.
15
Let x be 9/3*(7 - 5). Let q be -6*4/(-16)*2. Calculate the greatest common factor of q and x.
3
Let m(f) = 9*f - 5. Let b(r) = -r**2 - r - 1. Let a(p) = b(p) + m(p). Let l be a(7). What is the highest common divisor of 5 and l?
1
Suppose 3*a - 74 = -2*f, -2*a + 128 = 3*f - 6*a. Let i be f*(-4 + 18/3). What is the greatest common factor of 32 and i?
16
Suppose -57*b + 53*b + 168 = 0. What is the highest common divisor of b and 42?
42
Let w be 9/(-6)*(-16)/6. Suppose c = -w*c - 70. Let x = 4 - c. What is the greatest common factor of 9 and x?
9
Suppose 0 = 3*v - 1 - 14. Suppose -64 = -v*h + h. Calculate the highest common factor of h and 24.
8
Suppose 4*w + 3*u - 24 = 0, -19 + 3 = -4*w - u. What is the greatest common divisor of 27 and w?
3
Suppose -r + 100 = 5*z, 2*z - 10 = -2. Let g = 150 - r. Calculate the greatest common divisor of g and 10.
10
Let v(l) = 2*l**3 + 2*l**2 - l. Let m be v(1). Let b be (-14)/m*(-36)/8. Calculate the greatest common divisor of 14 and b.
7
Suppose -323 = -5*r + 77. Let f(g) = 7*g**2 - 3*g + 1. Let c be f(2). Let z = c + -13. Calculate the greatest common factor of r and z.
10
Let q = -19 + 31. Let f be 9*(-4)/(q/(-23)). What is the greatest common factor of f and 23?
23
Suppose 3*q - 15 - 258 = 0. Let j(c) be the second derivative of -3*c**5/5 - c**3/6 + 2*c. Let s be j(-1). What is the greatest common factor of q and s?
13
Let z = -3 + 2. Let t be (116/2)/2 - z. Let y be ((-33)/(-22))/(1/10). What is the greatest common divisor of y and t?
15
Suppose 4 - 22 = -5*b - 3*c, 5*b = 2*c + 38. Calculate the greatest common divisor of b and 4.
2
Suppose 428 = 4*b + 4*r, 3*b - 2*b + 5*r - 103 = 0. Calculate the greatest common factor of 12 and b.
12
Let p = -1 - -19. Calculate the greatest common factor of 9 and p.
9
Let s(l) = -9*l**3 + 2*l**2 - 2*l - 2. Let m be s(-2). Suppose -5*o - 44 = -2*c + m, c + 5*o = 78. What is the highest common factor of c and 17?
17
Suppose -q = 3*u - 4*u - 14, 4*q + 4*u - 16 = 0. Calculate the highest common divisor of q and 9.
9
Let x(s) = -2*s - 7. Let t be x(-5). Suppose t*n - 3*w + 1400 = -2*n, 0 = w. Let o be n/(-45) - (-2)/(-9). What is the greatest common divisor of 6 and o?
6
Let o be 15/(-25) + (-768)/(-5). Suppose -o = p + 2*p. Let l = 161 + p. What is the greatest common 